-10*d - 32878. List the prime factors of d.
8111
Let t = -253 - -271. What are the prime factors of (t/33)/(-3) + 39888/132?
2, 151
Let f(a) = a**3 + 66*a**2 + 122*a - 27. What are the prime factors of f(-62)?
3, 5, 173
Suppose 0 = -2*f - b + 700, 3*f + 0*b = -b + 1048. Let o = -63 + f. Suppose 4*m = 1 + 7, -o = -5*t + 5*m. What are the prime factors of t?
59
Suppose 247*z = 225*z - 18354 + 86488. List the prime factors of z.
19, 163
Let h(g) = 79 - 18 + 8*g**2 - g**2 + 49*g - 94*g + 27*g. List the prime factors of h(3).
2, 5, 7
Let p(h) = -316*h - 996. What are the prime factors of p(-20)?
2, 11
Suppose 6920 = -5*i + 10*i. Suppose -i = -14*f + 16. List the prime factors of f.
2, 5
Let w(x) be the first derivative of 79*x**2/2 - 17*x - 61. List the prime factors of w(10).
773
Let w = -19000 + 39815. What are the prime factors of w?
5, 23, 181
Suppose -36*l - 202*l + 7203900 = -16*l. What are the prime factors of l?
2, 5, 11, 59
Suppose 10*g - 10 - 10 = 0. Suppose u - g*a = 1372, 3*u - 3*a - 3846 = 285. What are the prime factors of u?
2, 691
Let u(a) be the third derivative of a**5/20 - 49*a**4/24 - 23*a**3/6 - a**2 - 3*a. What are the prime factors of u(22)?
3, 13
Let l = 30819 + -3116. What are the prime factors of l?
13, 2131
Let s(a) = 271*a - 530. What are the prime factors of s(11)?
3, 19, 43
Suppose -1610561 = -118*g + 2064927 - 1129638. What are the prime factors of g?
5, 863
List the prime factors of (-179)/(-3)*(39 - 48)*-1*3.
3, 179
Let z = 4377 + -1705. Suppose -8*s + 9760 + z = 0. List the prime factors of s.
2, 3, 7, 37
What are the prime factors of 18/3*((-14945)/(-15) + -8)?
2, 5, 593
Let y(t) = -t**3 - 15*t**2 - 10*t + 7. Let j be y(-14). Let d = 28 + j. List the prime factors of ((-30)/d)/(5/35).
2, 5
Let o(b) = -90*b - 5. Let q(p) = 2*p - 1. Let y(f) = -o(f) - 5*q(f). List the prime factors of y(1).
2, 3, 5
Suppose 0 = -4*f + 47 + 289. Suppose 2 = -2*l, -2*d + 4*l + f = 2*d. Suppose 5*w = d, -h = 4*h - w - 371. What are the prime factors of h?
3, 5
Let x(m) = 3*m**2 - 7*m - 39. Let d be x(16). Let w = 1051 - d. What are the prime factors of w?
2, 7, 31
Let w(b) = 69*b - 36. Let v be ((-6)/4)/(8/(-32)). List the prime factors of w(v).
2, 3, 7
Let g = 568 + -371. Suppose -g = -f - 4*t, -551 = -3*f - 4*t + 2*t. What are the prime factors of f?
181
Let t(x) = x**2 + 7*x - 30. Let h be t(-15). List the prime factors of 4/18 + 48310/h.
3, 179
Let g(h) = 1123*h**2 + 31*h - 59. List the prime factors of g(2).
5, 29, 31
Let g(i) = -351*i - 5127. What are the prime factors of g(-95)?
2, 3, 4703
Let u be (0/(-5) + -3)*-679. Suppose -4*k = -25*k + u. What are the prime factors of k?
97
Let n(u) = 1833*u + 9108. List the prime factors of n(12).
2, 3
Let t(y) = y**2 + 2*y - 92. Let l be t(-11). Suppose l*k = 1598 + 2511. List the prime factors of k.
587
Let u(l) = -20*l**2 + 467*l + 81. Let q(r) = -7*r**2 + 164*r + 27. Let w(d) = -17*q(d) + 6*u(d). Let p be 32/6*6/4. List the prime factors of w(p).
3, 5
Let t(a) = 12*a - 77. Let i be t(20). Suppose r = 5, 4*y + 5*r - 546 + 13 = 0. Suppose 0 = -2*n + i + y. What are the prime factors of n?
5, 29
Suppose 0 = 2*r - 3*b + 55, 24*r - 28*r - 3*b - 119 = 0. Let d(u) = 70*u**3 - 1. Let l be d(1). Let a = r + l. What are the prime factors of a?
2, 5
Let s be 3*(-1 + 8/3). Suppose 5*w + 590 = 5*h, 2*h - s*h + 334 = 2*w. What are the prime factors of h?
2, 3, 19
Let r = 5793 - -671. List the prime factors of r.
2, 101
Suppose 29*x + 4092 = 26*x. What are the prime factors of x/(-16)*4 + 0 + 0?
11, 31
Suppose -y + 43 = 4*i, -4*i = y + 4*y - 55. Suppose -5*u + i*u - 2*p = 3791, 0 = -4*u + 2*p + 3034. List the prime factors of 6/(-21) - (-10)/35*u.
2, 3
Let a(p) = p + 3. Let j be a(2). Suppose 539 = j*h - 1041. What are the prime factors of h?
2, 79
Let o(x) = 1346*x**2 - 31*x - 55. What are the prime factors of o(-3)?
2, 7, 31
Suppose -14*u - 219722 = -784258. List the prime factors of u.
2, 17, 593
Let m(t) = -t - 11. Let j(c) = -12. Let f(k) = 3*j(k) - 2*m(k). Let p be f(11). Suppose -2*g + p = 0, -5*g = -0*q + q - 75. What are the prime factors of q?
5, 11
Let y(i) = -i**3 - 6*i**2 - 2*i + 18. Let t be y(-5). What are the prime factors of (2 - -13)*(t + 5)?
2, 3, 5
Let f = -5 - -10. Let j(x) = -4*x**3 - 5*x**2 + 8*x - 11. Let o be j(-5). Suppose f*l = 86 + o. List the prime factors of l.
2, 41
Suppose -5*z + 2*k + 170208 = 25130, -4*k = z - 29042. What are the prime factors of z?
2, 11, 1319
Let x = 6081 - -25388. What are the prime factors of x?
31469
Let m(l) = l + 12. Let i be m(-11). Let f(g) = -2 - 13*g**3 - 3*g + 4*g + g**2 - i. List the prime factors of f(-2).
103
Suppose -12*r - 37 = 47. Let u(x) = 11*x**2 + 10*x + 61. What are the prime factors of u(r)?
2, 5, 53
Let c = -8 - -7. Let l(f) = 48*f + 6. Let u(z) = -95*z - 13. Let w(v) = -5*l(v) - 2*u(v). What are the prime factors of w(c)?
2, 23
Suppose 3*t - a = -2*t + 3, a - 2 = 0. Let m(i) = -15*i**2 - i + 1. Let k be m(t). What are the prime factors of 458/10 + 12/k?
3, 5
Let v(l) = 4*l**2 + 28*l + 4. Let i be v(-7). Let w(j) = -3*j**3 + j**2 - j - 1. Let u be w(-1). List the prime factors of (-24)/(-1) + u*(-1)/i.
23
Let y(d) = 28574*d**2 - 7*d - 7. List the prime factors of y(-1).
2, 7, 13, 157
Let j = 140 + -238. Let k = j + 103. Let d(q) = -q**3 + 4*q**2 + 5*q + 6. List the prime factors of d(k).
2, 3
Let m(k) = k**3 - 19*k**2 + 18*k + 2. Let b be m(18). Let l be (-2)/(-4)*28/b. List the prime factors of -4 + l - -22 - 3.
2, 11
Let f(m) = -141*m + 32. Let p(x) = 141*x - 34. Let g(n) = -2*f(n) - 3*p(n). List the prime factors of g(-8).
2, 11, 53
Let u be (-11 + 3)/(2 - 4). Let i be ((-2)/u)/(10/7320). Let q = i - -648. What are the prime factors of q?
2, 3, 47
Let m = -813 + 923. Suppose -115*t + m*t + 875 = 0. What are the prime factors of t?
5, 7
List the prime factors of 3*(-154)/28*-586.
3, 11, 293
Suppose 0 = -3*j + 6*j - 15. Suppose -j*z + 357 = 4*l - 39, 308 = 3*l + z. Let q = l + 10. What are the prime factors of q?
2, 3, 19
Let m = -419 - -302. Let u = m - -404. List the prime factors of u.
7, 41
Suppose 0 = 3*j - 3*d + 24, 3*d - 18 = -3. Let t be (-4 + 3)*(-3 - j). Suppose t = -k - 8 + 76. What are the prime factors of k?
2, 17
Let r = 519 - 384. List the prime factors of r/12 + (-35)/28.
2, 5
Let d(m) = 11588*m - 549. What are the prime factors of d(7)?
80567
Suppose -p + 5*p + 4 = 0, -5*q = -3*p - 133. Let h(s) = 14*s**2 + 3*s + 13. Let l be h(4). Let x = l - q. What are the prime factors of x?
223
Let w(b) = -3*b**2 - 123*b - 27. Let i be w(-39). Let t be 580/(-6)*18/(-5). Let n = t - i. List the prime factors of n.
3, 47
Suppose 0 = -l + 5 - 12. Let y be (40 - 3)*(-4 - l). Suppose c = -2*i + 97 + y, c + 404 = 4*i. List the prime factors of i.
2, 3, 17
Suppose 92*z + 140704 = 4*s + 88*z, 0 = 5*s - 3*z - 175876. List the prime factors of s.
2, 43, 409
Suppose -3*g = 3*c - 96, g + c = 6*c + 38. List the prime factors of 6578/g + 6 - 4/(-6).
2, 103
Let g = -41 + 46. List the prime factors of (g + -643)*(-1)/2.
11, 29
Suppose -157*f - 50*f = -1994445. List the prime factors of f.
5, 41, 47
Suppose 3140 = 551*t - 531*t. List the prime factors of t.
157
Let d(j) = 2*j**2 - 2*j - 1. Let m be d(4). Suppose 0 = -5*h - 3*k + 34, 5*h - 37 - 5 = k. What are the prime factors of m/((8/9)/h)?
3, 23
Suppose 0*o - 3*t - 30 = -3*o, 0 = 4*t + 16. Let x be (-7)/(2 - (o/(-8) - -3)). What are the prime factors of (-388)/3*6*(-7)/x?
2, 97
Let q = -43 + 47. Let p be (5 - q) + -1*3/3. Let t(l) = l + 201. List the prime factors of t(p).
3, 67
Let d = 146 + -284. Suppose -5*a + 5*l + 1040 = 0, 4*a + 4*l - 535 = 329. Let m = a + d. List the prime factors of m.
2, 37
Let o(y) = 2*y + 3. Let f be o(-5). Let c(r) = -6*r - 5. Let x be c(f). Suppose -i + 12 = g - 0*g, 0 = -3*g - 2*i + x. List the prime factors of g.
13
Suppose -924 - 862 = -3*w - 5*v, -5*w + 5*v + 2990 = 0. List the prime factors of w.
3, 199
Suppose -3*f + 4*l = l - 24, 4*f - 17 = l. Let p be (-4)/(f + 0 - (-534)/(-177)). Let j = -116 + p. What are the prime factors of j?
2, 3, 5
Let f be (-4)/2 + -3 + 6 - -2754. Suppose -5*a - 4*r + 7*r = -2747, 5*a - 5*r = f. List the prime factors of a.
547
Let v(u) = -3*u**2 + 6*u + 4*u**2 - u - u. Let d be v(-4). Suppose 0*o - 2*f + 258 = 3*o, 